{"id":12,"date":"2017-01-02T08:30:09","date_gmt":"2017-01-02T08:30:09","guid":{"rendered":"https:\/\/demo.themegrill.com\/flash-default-2\/?page_id=12"},"modified":"2024-03-22T12:44:11","modified_gmt":"2024-03-22T12:44:11","slug":"iletisim","status":"publish","type":"page","link":"https:\/\/borinamuhendislik.com\/index.php\/iletisim\/","title":{"rendered":"\u0130leti\u015fim"},"content":{"rendered":"\n<h3>Telefon<\/h3>\n<a href=\"tel:\/\/+908504416275\">0850 441 6 BRN<\/a>\n<h3>\nE-Mail<\/h3>\n<a href=\"mailto:info@borinamuhendislik.com\"> info@borinamuhendislik.com <\/a>\n<h3>\nAdres<\/h3>\nCemalpa\u015fa Mahallesi 63006 sokak \u00d6zg\u00f6nen Apartman\u0131 No: 25\/F  Seyhan\/ADANA\n\n\n\n<p><\/p>\n","protected":false},"excerpt":{"rendered":"<p>Telefon 0850 441 6 BRN E-Mail info@borinamuhendislik.com Adres Cemalpa\u015fa Mahallesi 63006 sokak \u00d6zg\u00f6nen Apartman\u0131 No: 25\/F Seyhan\/ADANA<\/p>\n","protected":false},"author":1,"featured_media":0,"parent":0,"menu_order":0,"comment_status":"closed","ping_status":"closed","template":"page-templates\/full-width.php","meta":[],"yoast_head":"<!-- This site is optimized with the Yoast SEO plugin v15.2.1 - https:\/\/yoast.com\/wordpress\/plugins\/seo\/ -->\n<title>\u0130leti\u015fim - Borina<\/title>\n<meta name=\"description\" content=\"Borina M\u00fchendislik Elektrik Proje Taahh\u00fct Dan\u0131\u015fmanl\u0131k, Ba\u015fta Adana olmak \u00fczere T\u00fcrkiye&#039;nin t\u00fcm \u015fehirlerinde hizmetinizdeyiz\" \/>\n<meta name=\"robots\" content=\"index, follow, max-snippet:-1, max-image-preview:large, max-video-preview:-1\" \/>\n<link rel=\"canonical\" href=\"http:\/\/borinamuhendislik.com\/index.php\/iletisim\/\" \/>\n<meta property=\"og:locale\" content=\"tr_TR\" \/>\n<meta property=\"og:type\" content=\"article\" \/>\n<meta property=\"og:title\" content=\"\u0130leti\u015fim - Borina\" \/>\n<meta property=\"og:description\" content=\"Borina M\u00fchendislik Elektrik Proje Taahh\u00fct Dan\u0131\u015fmanl\u0131k, Ba\u015fta Adana olmak \u00fczere T\u00fcrkiye&#039;nin t\u00fcm \u015fehirlerinde hizmetinizdeyiz\" \/>\n<meta property=\"og:url\" content=\"http:\/\/borinamuhendislik.com\/index.php\/iletisim\/\" \/>\n<meta property=\"og:site_name\" content=\"Borina\" \/>\n<meta property=\"article:modified_time\" content=\"2024-03-22T12:44:11+00:00\" \/>\n<meta name=\"twitter:card\" content=\"summary_large_image\" \/>\n<meta name=\"twitter:label1\" content=\"Written by\">\n\t<meta name=\"twitter:data1\" content=\"info@joisteknoloji.com\">\n\t<meta name=\"twitter:label2\" content=\"Tahmini okuma s\u00fcresi\">\n\t<meta name=\"twitter:data2\" content=\"0 dakika\">\n<script type=\"application\/ld+json\" class=\"yoast-schema-graph\">{\"@context\":\"https:\/\/schema.org\",\"@graph\":[{\"@type\":\"WebSite\",\"@id\":\"https:\/\/borinamuhendislik.com\/#website\",\"url\":\"https:\/\/borinamuhendislik.com\/\",\"name\":\"Borina\",\"description\":\"M\\u00fchendisik\",\"potentialAction\":[{\"@type\":\"SearchAction\",\"target\":\"https:\/\/borinamuhendislik.com\/?s={search_term_string}\",\"query-input\":\"required name=search_term_string\"}],\"inLanguage\":\"tr\"},{\"@type\":\"WebPage\",\"@id\":\"http:\/\/borinamuhendislik.com\/index.php\/iletisim\/#webpage\",\"url\":\"http:\/\/borinamuhendislik.com\/index.php\/iletisim\/\",\"name\":\"\\u0130leti\\u015fim - Borina\",\"isPartOf\":{\"@id\":\"https:\/\/borinamuhendislik.com\/#website\"},\"datePublished\":\"2017-01-02T08:30:09+00:00\",\"dateModified\":\"2024-03-22T12:44:11+00:00\",\"description\":\"Borina M\\u00fchendislik Elektrik Proje Taahh\\u00fct Dan\\u0131\\u015fmanl\\u0131k, Ba\\u015fta Adana olmak \\u00fczere T\\u00fcrkiye'nin t\\u00fcm \\u015fehirlerinde hizmetinizdeyiz\",\"inLanguage\":\"tr\",\"potentialAction\":[{\"@type\":\"ReadAction\",\"target\":[\"http:\/\/borinamuhendislik.com\/index.php\/iletisim\/\"]}]}]}<\/script>\n<!-- \/ Yoast SEO plugin. -->","_links":{"self":[{"href":"https:\/\/borinamuhendislik.com\/index.php\/wp-json\/wp\/v2\/pages\/12"}],"collection":[{"href":"https:\/\/borinamuhendislik.com\/index.php\/wp-json\/wp\/v2\/pages"}],"about":[{"href":"https:\/\/borinamuhendislik.com\/index.php\/wp-json\/wp\/v2\/types\/page"}],"author":[{"embeddable":true,"href":"https:\/\/borinamuhendislik.com\/index.php\/wp-json\/wp\/v2\/users\/1"}],"replies":[{"embeddable":true,"href":"https:\/\/borinamuhendislik.com\/index.php\/wp-json\/wp\/v2\/comments?post=12"}],"version-history":[{"count":5,"href":"https:\/\/borinamuhendislik.com\/index.php\/wp-json\/wp\/v2\/pages\/12\/revisions"}],"predecessor-version":[{"id":798,"href":"https:\/\/borinamuhendislik.com\/index.php\/wp-json\/wp\/v2\/pages\/12\/revisions\/798"}],"wp:attachment":[{"href":"https:\/\/borinamuhendislik.com\/index.php\/wp-json\/wp\/v2\/media?parent=12"}],"curies":[{"name":"wp","href":"https:\/\/api.w.org\/{rel}","templated":true}]}}